{"id":1805,"date":"2016-08-10T14:22:49","date_gmt":"2016-08-10T10:22:49","guid":{"rendered":"http:\/\/ich.md\/?page_id=1805"},"modified":"2022-01-26T09:20:44","modified_gmt":"2022-01-26T07:20:44","slug":"projects","status":"publish","type":"page","link":"https:\/\/ich.md\/?page_id=1805","title":{"rendered":"PROIECTE \/ PROJECTS \/ \u041f\u0420\u041e\u042d\u041a\u0422\u042b"},"content":{"rendered":"<p style=\"text-align: center;\"><strong>Proiecte de cercetare \/interna\u021bionale, implimentate de c\u0103tre IPC<\/strong><\/p>\n<p style=\"text-align: center;\"><strong>\u00cen perioada 2020-2023 <\/strong><\/p>\n<p style=\"text-align: center;\"><strong>Proiecte \u00een cadrul Programului de stat<\/strong><\/p>\n<p class=\"Default\" style=\"text-align: justify;\"><b><span style=\"font-size: 14.0pt;\">20.80009.1606.02. <\/span><\/b><span style=\"font-size: 14.0pt;\">Evolu\u021bia tradi\u021biilor \u0219i procesele etnice \u00een Republica Moldova: suport teoretic \u0219i aplicativ \u00een promovarea valorilor etnoculturale \u0219i coeziunii sociale. Coordonator: Dr. Gr\u0103dinaru Natalia.<\/span><\/p>\n<p class=\"Default\" style=\"text-align: justify;\"><b><span style=\"font-size: 14.0pt;\">20.80009.1606.12. <\/span><\/b><span style=\"font-size: 14.0pt;\">Dimensiunea identitar\u0103 a artelor din Republica Moldova ca factor activ al dezvolt\u0103rii durabile a societ\u0103\u021bii \u00een contextul dialogului intercultural european. Coordonator: Dr. hab. Ghila\u0219 Victor<\/span><\/p>\n<p>&nbsp;<\/p>\n<p style=\"text-align: center;\"><strong>Proiect \u00een cadrul expresiilor de interes din \u201eOferta de solutii privind promovarea conceptului de Stiinta deschisa si dezvoltarea tehnologiilor digitale in domeniile cercetarii si inovarii&#8221; (2021-2022)<\/strong><\/p>\n<p><strong>21.70086.8\u0218D.<\/strong> Arhiva etnografic\u0103 digital\u0103 cu acces deschis \u2013 prezervarea \u0219i valorificarea tradi\u021biei pentru dezvoltare durabil\u0103. Coordonator: dr. Duminic\u0103 Ion<\/p>\n<p>&nbsp;<\/p>\n<p style=\"text-align: center;\"><strong>\u00een perioada 2017-2019.<\/strong><\/p>\n<table width=\"605\">\n<tbody>\n<tr>\n<td colspan=\"3\" width=\"605\">\n<p style=\"text-align: center;\"><strong>Proiecte institu\u021bionale de cercet\u0103ri fundamentale<\/strong><\/p>\n<\/td>\n<\/tr>\n<tr>\n<td width=\"123\">Arheologie<\/td>\n<td width=\"47\">2015-2019<\/td>\n<td width=\"435\">15.817.06.02F. Structuri \u015fi interferen\u0163e culturale \u00een spa\u0163iul est-carpatic din cele mai vechi timpuri p\u00e2n\u0103 \u00een epoca modern\u0103. Director de proiect: dr. hab. Oleg Levi\u021bchi.<\/td>\n<\/tr>\n<tr>\n<td width=\"123\">Etnologie<\/td>\n<td width=\"47\">2015-2019<\/td>\n<td width=\"435\">15.817.06.03F. Valorificarea pluridimensional\u0103 a patrimoniului etnocultural ca factor al armoniz\u0103rii \u015fi dezvolt\u0103rii societ\u0103\u0163ii Republicii Moldova, 2015-2018. Director de proiect: dr. Svetlana Procop.<\/td>\n<\/tr>\n<tr>\n<td width=\"123\">Studiul Artelor<\/td>\n<td width=\"47\">2015-2019<\/td>\n<td width=\"435\">15.817.06.01F Interferen\u0163e culturale europene \u00een arta din Republica Moldova. Studii de istoria \u015fi teoria artelor. Director de proiect: dr. hab. Tudor Stavil\u0103.<\/td>\n<\/tr>\n<tr>\n<td style=\"text-align: center;\" colspan=\"3\" width=\"605\"><strong>Proiect \u00een cadrul programului de stat<\/strong><\/td>\n<\/tr>\n<tr>\n<td width=\"123\">Studiul Artelor<\/p>\n<p>Arheologie Etnologie<\/td>\n<td width=\"47\">2018-2019<\/td>\n<td width=\"435\">Platforma \u0219tiin\u021bific\u0103 na\u021bional\u0103 pentru valorificarea patrimoniului cultural al Republicii Moldova. Dr. hab. Ghila\u0219 Victor<\/td>\n<\/tr>\n<\/tbody>\n<\/table>\n<table>\n<tbody>\n<tr>\n<td style=\"text-align: center;\" colspan=\"3\" width=\"604\"><strong>Proiecte interna\u0163ionale<\/strong><\/td>\n<\/tr>\n<tr>\n<td width=\"112\">Etnologie<\/p>\n<p>&nbsp;<\/td>\n<td width=\"59\">2017<\/p>\n<p>&nbsp;<\/td>\n<td width=\"434\">Proiectul \u201eConferin\u0163a \u015ftiin\u0163ific\u0103 interna\u0163ional\u0103 \u00abPatrimoniul etnologic: concep\u0163ii, tendin\u0163e \u015fi abord\u0103ri\u00bb\u201d\/ \u00ab\u041c\u0435\u0436\u0434\u0443\u043d\u0430\u0440\u043e\u0434\u043d\u0430\u044f \u043d\u0430\u0443\u0447\u043d\u0430\u044f \u043a\u043e\u043d\u0444\u0435\u0440\u0435\u043d\u0446\u0438\u044f: \u042d\u0442\u043d\u043e\u043b\u043e\u0433\u0438\u0447\u0435\u0441\u043a\u043e\u0435 \u043d\u0430\u0441\u043b\u0435\u0434\u0438\u0435: \u043a\u043e\u043d\u0446\u0435\u043f\u0446\u0438\u0438, \u0442\u0435\u043d\u0434\u0435\u043d\u0446\u0438\u0438 \u0438 \u043f\u043e\u0434\u0445\u043e\u0434\u044b\u00bb. Contractul 19din 02.05.2017, finan\u021bat de c\u0103tre \u041c\u0435\u0436\u0433\u043e\u0441\u0443\u0434\u0430\u0440\u0441\u0442\u0432\u0435\u043d\u043d\u044b\u0439 \u0444\u043e\u043d\u0434 \u0433\u0443\u043c\u0430\u043d\u0438\u0442\u0430\u0440\u043d\u043e\u0433\u043e \u0441\u043e\u0442\u0440\u0443\u0434\u043d\u0438\u0447\u0435\u0441\u0442\u0432\u0430 \u0433\u043e\u0441\u0443\u0434\u0430\u0440\u0441\u0442\u0432 \u2013 \u0443\u0447\u0430\u0441\u0442\u043d\u0438\u043a\u043e\u0432 \u0421\u043e\u0434\u0440\u0443\u0436\u0435\u0441\u0442\u0432\u0430 \u041d\u0435\u0437\u0430\u0432\u0438\u0441\u0438\u043c\u044b\u0445 \u0413\u043e\u0441\u0443\u0434\u0430\u0440\u0441\u0442\u0432. Director de proiect: dr. hab. Victor Ghila\u0219 (2017).<\/td>\n<\/tr>\n<tr>\n<td width=\"112\">Etnologie<\/td>\n<td width=\"59\">2017<\/td>\n<td width=\"434\">16:80013 16.06.01\/ERA.Net: Proiectul \u201dPerception of Russia across Eurasia: Memory, Identity, Conflicts\u201d (\u201ePercep\u0163ia Rusiei \u00een Eurasia: Memorie, Identitate, Conflicte\u201d. Director: dr. Caunenco Irina.<\/td>\n<\/tr>\n<tr>\n<td width=\"112\">Studiul artelor \u0219i Etnologie<\/p>\n<p>&nbsp;<\/td>\n<td width=\"59\">2018<\/td>\n<td width=\"434\">Saving the folkloric archival material preserved in Chi\u015fin\u0103u, Republic of Moldova finan\u021bat de British Library \u00een cadrul Endangered Archives Programme). Director de proiect: dr. hab. Victor Ghila\u0219.<\/td>\n<\/tr>\n<tr>\n<td width=\"112\">Etnologie<\/td>\n<td width=\"59\">&nbsp;<\/p>\n<p>2019<\/td>\n<td width=\"434\">\u201eValorificarea patrimoniului etnocultural al Republicii Moldova \u00een educa\u021bia tinerei genera\u021bii \u0219i a societ\u0103\u021bii civile\u201d. Proiect finan\u021bat de c\u0103tre MPRP. Contract nr. 1. Director de proiect: dr. Adrian Dolghi<\/td>\n<\/tr>\n<tr>\n<td style=\"text-align: center;\" colspan=\"3\" width=\"604\"><strong>Proiecte pentru tineri cercet\u0103tori<\/strong><\/td>\n<\/tr>\n<tr>\n<td width=\"112\">Etnologie<\/td>\n<td width=\"59\">2016-2017<\/td>\n<td width=\"434\">\u201eValorificarea patrimoniului etnocultural al Republicii Moldova \u00een educa\u0163ia tinerei genera\u0163ii\u201d. Codul proectului: 16.819.06.13F. Director proiect: Ivan Duminic\u0103.<\/td>\n<\/tr>\n<tr>\n<td width=\"112\">Studiul artelor<\/td>\n<td width=\"59\">2018-2019<\/td>\n<td width=\"434\">Terminologia vestimentar\u0103 din Moldova \u2013 tradi\u021bie \u0219i inova\u021bie. Director de proiect. Dr. Procop Natalia<\/td>\n<\/tr>\n<\/tbody>\n<\/table>\n<p>&nbsp;<\/p>\n<p style=\"text-align: center;\"><strong><br \/>\nProiecte implementate \u00een anul 2016<\/strong>:<\/p>\n<p><strong>3 proiecte \u0219tiin\u021bifice institu\u021bionale fundamentale, preconizate pentru perioada 2015\u20132018: <\/strong><\/p>\n<p><strong>15.817.06.02F<\/strong> \u201eStructuri \u015fi interferen\u0163e culturale din spa\u0163iul est-carpatic din cele mai vechi timpuri p\u00e2n\u0103 \u00een epoca modern\u0103\u201d (director de proiect dr. hab. O. Levi\u0163ki)<\/p>\n<p><strong>15.817.06.01F<\/strong> \u201eInterferen\u0163e culturale europene \u00een arta din Republica Moldova. Studii de istoria \u015fi teoria artelor\u201d (director de proiect dr. hab. T. Stavil\u0103)<\/p>\n<p><strong>14.06.199F<\/strong> \u201eValorificarea pluridimensional\u0103 a patrimoniului etnocultural ca factor al armoniz\u0103rii \u015fi dezvolt\u0103rii societ\u0103\u0163ii Republicii Moldova\u201d (director de proiect dr. S. Procop).<\/p>\n<p><strong>proiectul tinerilor cercet\u0103tori <\/strong><strong>16.819.06.13F<\/strong> \u201eValorificarea patrimoniului etnocultural al Republicii Moldova \u00een educa\u0163ia tinerei genera\u0163ii (director de proiect dr. Ivan Duminica),<\/p>\n<p><strong>proiectul interna\u021bional<\/strong> 16:80013 16.06.01\/ERA.Net: \u201ePerception of Russia across Eurasia: Memory, Identity, Conflicts\u201d \/ \u201ePercep\u0163ia Rusiei \u00een Eurasia: Memorie, Identitate, Conflicte\u201d (director de proiect dr. I. Caunenco)<\/p>\n<p><strong>proiectul interstatal <\/strong>U1-1\/1171\/12.05.2016 \u201ePatrimoniul cultural-istoric al comunei Crihana Veche: cercetare, conservare, valorificare \u015fi promovare\u201d (director de proiect drd. I Ciobanu).<\/p>\n<p>&nbsp;<\/p>\n<p><strong>Proiecte institu\u0163ionale, 2010-2014:<\/strong><\/p>\n<p>11.817.07.18F. Patrimoniul artistic al Republicii Moldova \u00een contextul multiculturalismului european: cercetare, valorificare. Cond. \u2013 dr. hab. Stavil\u0103 T.<br \/>\n11.817.07.19F. Dimensiunea european\u0103 a patrimoniului arheologic al Republicii Moldova. Cond. \u2013 dr. hab. Levi\u0163ki O.<br \/>\n11.817.07.20F. Dimensiunea european\u0103 a patrimoniului etnografic al Republicii Moldova. Cond. \u2013 dr. Procop S.<\/p>\n<p><strong>Proiect pentru tinerii cercet\u0103tori, 2014-2015:<\/strong><br \/>\n14.819.06.02.F. Cercetarea necropolei cre\u015ftine de la Lozova din perioada constituirii statului medieval moldovenesc. Cond. \u2013 dr. Ion Ursu.<\/p>\n","protected":false},"excerpt":{"rendered":"<p>Proiecte de cercetare \/interna\u021bionale, implimentate de c\u0103tre IPC \u00cen perioada 2020-2023 Proiecte \u00een cadrul Programului de stat 20.80009.1606.02. Evolu\u021bia tradi\u021biilor \u0219i procesele etnice \u00een Republica<span class=\"read-more-link\"><a class=\"read-more\" href=\"https:\/\/ich.md\/?page_id=1805\">Read More<\/a><\/span><\/p>\n","protected":false},"author":2,"featured_media":0,"parent":0,"menu_order":0,"comment_status":"closed","ping_status":"closed","template":"","meta":[],"_links":{"self":[{"href":"https:\/\/ich.md\/index.php?rest_route=\/wp\/v2\/pages\/1805"}],"collection":[{"href":"https:\/\/ich.md\/index.php?rest_route=\/wp\/v2\/pages"}],"about":[{"href":"https:\/\/ich.md\/index.php?rest_route=\/wp\/v2\/types\/page"}],"author":[{"embeddable":true,"href":"https:\/\/ich.md\/index.php?rest_route=\/wp\/v2\/users\/2"}],"replies":[{"embeddable":true,"href":"https:\/\/ich.md\/index.php?rest_route=%2Fwp%2Fv2%2Fcomments&post=1805"}],"version-history":[{"count":11,"href":"https:\/\/ich.md\/index.php?rest_route=\/wp\/v2\/pages\/1805\/revisions"}],"predecessor-version":[{"id":6136,"href":"https:\/\/ich.md\/index.php?rest_route=\/wp\/v2\/pages\/1805\/revisions\/6136"}],"wp:attachment":[{"href":"https:\/\/ich.md\/index.php?rest_route=%2Fwp%2Fv2%2Fmedia&parent=1805"}],"curies":[{"name":"wp","href":"https:\/\/api.w.org\/{rel}","templated":true}]}}

PROIECTE / PROJECTS / ПРОЭКТЫ

<p style="text-align: center;"><strong>Proiecte de cercetare /internaționale, implimentate de către IPC</strong></p>
<p style="text-align: center;"><strong>În perioada 2020-2023 </strong></p>
<p style="text-align: center;"><strong>Proiecte în cadrul Programului de stat</strong></p>
<p class="Default" style="text-align: justify;"><b><span style="font-size: 14.0pt;">20.80009.1606.02. </span></b><span style="font-size: 14.0pt;">Evoluția tradițiilor și procesele etnice în Republica Moldova: suport teoretic și aplicativ în promovarea valorilor etnoculturale și coeziunii sociale. Coordonator: Dr. Grădinaru Natalia.</span></p>
<p class="Default" style="text-align: justify;"><b><span style="font-size: 14.0pt;">20.80009.1606.12. </span></b><span style="font-size: 14.0pt;">Dimensiunea identitară a artelor din Republica Moldova ca factor activ al dezvoltării durabile a societății în contextul dialogului intercultural european. Coordonator: Dr. hab. Ghilaș Victor</span></p>
<p>&nbsp;</p>
<p style="text-align: center;"><strong>Proiect în cadrul expresiilor de interes din „Oferta de solutii privind promovarea conceptului de Stiinta deschisa si dezvoltarea tehnologiilor digitale in domeniile cercetarii si inovarii&#8221; (2021-2022)</strong></p>
<p><strong>21.70086.8ȘD.</strong> Arhiva etnografică digitală cu acces deschis – prezervarea și valorificarea tradiției pentru dezvoltare durabilă. Coordonator: dr. Duminică Ion</p>
<p>&nbsp;</p>
<p style="text-align: center;"><strong>în perioada 2017-2019.</strong></p>
<table width="605">
<tbody>
<tr>
<td colspan="3" width="605">
<p style="text-align: center;"><strong>Proiecte instituționale de cercetări fundamentale</strong></p>
</td>
</tr>
<tr>
<td width="123">Arheologie</td>
<td width="47">2015-2019</td>
<td width="435">15.817.06.02F. Structuri şi interferenţe culturale în spaţiul est-carpatic din cele mai vechi timpuri până în epoca modernă. Director de proiect: dr. hab. Oleg Levițchi.</td>
</tr>
<tr>
<td width="123">Etnologie</td>
<td width="47">2015-2019</td>
<td width="435">15.817.06.03F. Valorificarea pluridimensională a patrimoniului etnocultural ca factor al armonizării şi dezvoltării societăţii Republicii Moldova, 2015-2018. Director de proiect: dr. Svetlana Procop.</td>
</tr>
<tr>
<td width="123">Studiul Artelor</td>
<td width="47">2015-2019</td>
<td width="435">15.817.06.01F Interferenţe culturale europene în arta din Republica Moldova. Studii de istoria şi teoria artelor. Director de proiect: dr. hab. Tudor Stavilă.</td>
</tr>
<tr>
<td style="text-align: center;" colspan="3" width="605"><strong>Proiect în cadrul programului de stat</strong></td>
</tr>
<tr>
<td width="123">Studiul Artelor</p>
<p>Arheologie Etnologie</td>
<td width="47">2018-2019</td>
<td width="435">Platforma științifică națională pentru valorificarea patrimoniului cultural al Republicii Moldova. Dr. hab. Ghilaș Victor</td>
</tr>
</tbody>
</table>
<table>
<tbody>
<tr>
<td style="text-align: center;" colspan="3" width="604"><strong>Proiecte internaţionale</strong></td>
</tr>
<tr>
<td width="112">Etnologie</p>
<p>&nbsp;</td>
<td width="59">2017</p>
<p>&nbsp;</td>
<td width="434">Proiectul „Conferinţa ştiinţifică internaţională «Patrimoniul etnologic: concepţii, tendinţe şi abordări»”/ «Международная научная конференция: Этнологическое наследие: концепции, тенденции и подходы». Contractul 19din 02.05.2017, finanțat de către Межгосударственный фонд гуманитарного сотрудничества государств – участников Содружества Независимых Государств. Director de proiect: dr. hab. Victor Ghilaș (2017).</td>
</tr>
<tr>
<td width="112">Etnologie</td>
<td width="59">2017</td>
<td width="434">16:80013 16.06.01/ERA.Net: Proiectul ”Perception of Russia across Eurasia: Memory, Identity, Conflicts” („Percepţia Rusiei în Eurasia: Memorie, Identitate, Conflicte”. Director: dr. Caunenco Irina.</td>
</tr>
<tr>
<td width="112">Studiul artelor și Etnologie</p>
<p>&nbsp;</td>
<td width="59">2018</td>
<td width="434">Saving the folkloric archival material preserved in Chişinău, Republic of Moldova finanțat de British Library în cadrul Endangered Archives Programme). Director de proiect: dr. hab. Victor Ghilaș.</td>
</tr>
<tr>
<td width="112">Etnologie</td>
<td width="59">&nbsp;</p>
<p>2019</td>
<td width="434">„Valorificarea patrimoniului etnocultural al Republicii Moldova în educația tinerei generații și a societății civile”. Proiect finanțat de către MPRP. Contract nr. 1. Director de proiect: dr. Adrian Dolghi</td>
</tr>
<tr>
<td style="text-align: center;" colspan="3" width="604"><strong>Proiecte pentru tineri cercetători</strong></td>
</tr>
<tr>
<td width="112">Etnologie</td>
<td width="59">2016-2017</td>
<td width="434">„Valorificarea patrimoniului etnocultural al Republicii Moldova în educaţia tinerei generaţii”. Codul proectului: 16.819.06.13F. Director proiect: Ivan Duminică.</td>
</tr>
<tr>
<td width="112">Studiul artelor</td>
<td width="59">2018-2019</td>
<td width="434">Terminologia vestimentară din Moldova – tradiție și inovație. Director de proiect. Dr. Procop Natalia</td>
</tr>
</tbody>
</table>
<p>&nbsp;</p>
<p style="text-align: center;"><strong><br />
Proiecte implementate în anul 2016</strong>:</p>
<p><strong>3 proiecte științifice instituționale fundamentale, preconizate pentru perioada 2015–2018: </strong></p>
<p><strong>15.817.06.02F</strong> „Structuri şi interferenţe culturale din spaţiul est-carpatic din cele mai vechi timpuri până în epoca modernă” (director de proiect dr. hab. O. Leviţki)</p>
<p><strong>15.817.06.01F</strong> „Interferenţe culturale europene în arta din Republica Moldova. Studii de istoria şi teoria artelor” (director de proiect dr. hab. T. Stavilă)</p>
<p><strong>14.06.199F</strong> „Valorificarea pluridimensională a patrimoniului etnocultural ca factor al armonizării şi dezvoltării societăţii Republicii Moldova” (director de proiect dr. S. Procop).</p>
<p><strong>proiectul tinerilor cercetători </strong><strong>16.819.06.13F</strong> „Valorificarea patrimoniului etnocultural al Republicii Moldova în educaţia tinerei generaţii (director de proiect dr. Ivan Duminica),</p>
<p><strong>proiectul internațional</strong> 16:80013 16.06.01/ERA.Net: „Perception of Russia across Eurasia: Memory, Identity, Conflicts” / „Percepţia Rusiei în Eurasia: Memorie, Identitate, Conflicte” (director de proiect dr. I. Caunenco)</p>
<p><strong>proiectul interstatal </strong>U1-1/1171/12.05.2016 „Patrimoniul cultural-istoric al comunei Crihana Veche: cercetare, conservare, valorificare şi promovare” (director de proiect drd. I Ciobanu).</p>
<p>&nbsp;</p>
<p><strong>Proiecte instituţionale, 2010-2014:</strong></p>
<p>11.817.07.18F. Patrimoniul artistic al Republicii Moldova în contextul multiculturalismului european: cercetare, valorificare. Cond. – dr. hab. Stavilă T.<br />
11.817.07.19F. Dimensiunea europeană a patrimoniului arheologic al Republicii Moldova. Cond. – dr. hab. Leviţki O.<br />
11.817.07.20F. Dimensiunea europeană a patrimoniului etnografic al Republicii Moldova. Cond. – dr. Procop S.</p>
<p><strong>Proiect pentru tinerii cercetători, 2014-2015:</strong><br />
14.819.06.02.F. Cercetarea necropolei creştine de la Lozova din perioada constituirii statului medieval moldovenesc. Cond. – dr. Ion Ursu.</p>

<p>Proiecte de cercetare /internaționale, implimentate de către IPC În perioada 2020-2023 Proiecte în cadrul Programului de stat 20.80009.1606.02. Evoluția tradițiilor și procesele etnice în Republica<span class="read-more-link"><a class="read-more" href="https://ich.md/?page_id=1805">Read More</a></span></p>
